ulate the highest common factor of 4212 and 130156.
52
Calculate the greatest common divisor of 1291680 and 325.
65
What is the greatest common factor of 1405 and 435?
5
What is the greatest common divisor of 22 and 3717527?
11
What is the highest common factor of 266 and 4864?
38
What is the highest common factor of 111 and 27787?
37
What is the highest common factor of 229296 and 48?
48
Calculate the highest common factor of 9294 and 15.
3
What is the highest common divisor of 18 and 16431111?
9
What is the greatest common divisor of 182 and 103467?
91
Calculate the highest common divisor of 419556 and 42.
6
What is the highest common factor of 189 and 186704?
7
Calculate the greatest common factor of 4683783 and 39.
39
Calculate the greatest common divisor of 5001192 and 1008.
504
Calculate the greatest common factor of 38 and 162982.
38
Calculate the greatest common factor of 6714863 and 29.
29
Calculate the highest common factor of 148 and 351574.
74
What is the highest common divisor of 277 and 1050661?
277
What is the greatest common divisor of 3286 and 682?
62
What is the greatest common divisor of 89 and 296?
1
What is the greatest common factor of 801 and 965739?
267
Calculate the highest common factor of 2915 and 1815.
55
Calculate the highest common divisor of 56 and 960224.
8
What is the greatest common divisor of 11811 and 992?
31
What is the highest common divisor of 734680 and 80?
40
Calculate the highest common divisor of 464113 and 494.
247
What is the greatest common factor of 1480684 and 248?
124
Calculate the greatest common factor of 3672 and 136.
136
What is the highest common divisor of 866502 and 364?
182
What is the highest common divisor of 23622 and 191262?
762
What is the highest common factor of 213 and 4189?
71
What is the highest common divisor of 1380 and 52716?
276
Calculate the greatest common divisor of 5985 and 19.
19
What is the greatest common factor of 188731 and 79?
79
What is the greatest common divisor of 5548 and 76?
76
What is the highest common factor of 1183776 and 3?
3
Calculate the greatest common factor of 129 and 75035.
43
What is the greatest common factor of 59730 and 190?
10
What is the greatest common factor of 2112610 and 380?
190
What is the greatest common factor of 9 and 1152?
9
Calculate the highest common factor of 936 and 14068548.
468
Calculate the greatest common factor of 610 and 257664.
122
What is the greatest common factor of 767 and 3969992?
767
Calculate the highest common factor of 155309 and 22.
11
Calculate the highest common divisor of 1288 and 12544.
56
What is the highest common factor of 41800 and 53350?
550
What is the greatest common divisor of 637453 and 527?
31
What is the greatest common divisor of 465 and 53355?
15
What is the highest common divisor of 11 and 938234?
11
What is the highest common divisor of 30173 and 845?
13
Calculate the greatest common factor of 1853343 and 129.
129
What is the greatest common divisor of 1886268 and 24?
12
What is the highest common factor of 33132 and 1848?
132
What is the greatest common divisor of 16422 and 816?
102
Calculate the highest common factor of 1305 and 63481.
29
What is the highest common factor of 1792 and 592?
16
Calculate the highest common divisor of 4983 and 528.
33
What is the greatest common factor of 54 and 57066?
6
What is the greatest common factor of 264 and 514800?
264
What is the greatest common divisor of 8628 and 84?
12
What is the highest common divisor of 419705 and 2860?
715
What is the greatest common divisor of 101680 and 2296?
328
What is the greatest common factor of 3230 and 510?
170
What is the greatest common factor of 115 and 414?
23
Calculate the greatest common divisor of 160 and 1469600.
160
Calculate the greatest common divisor of 11384 and 968.
8
What is the highest common factor of 30785 and 1048?
131
What is the greatest common divisor of 144 and 827064?
72
Calculate the greatest common divisor of 35624 and 40.
8
What is the highest common factor of 2814 and 343?
7
What is the greatest common factor of 6070 and 690766?
1214
What is the highest common divisor of 2141 and 2?
1
What is the highest common factor of 2880 and 3015?
45
What is the highest common factor of 73246 and 159?
53
Calculate the highest common divisor of 319352 and 3438.
382
Calculate the highest common factor of 33 and 231198.
33
Calculate the highest common factor of 2188 and 8205.
547
Calculate the greatest common factor of 94 and 58609.
47
Calculate the highest common divisor of 12888 and 1044.
36
What is the highest common factor of 60933 and 57?
57
Calculate the highest common divisor of 131 and 24292771.
131
Calculate the highest common factor of 64144 and 2014.
38
Calculate the highest common factor of 93 and 6169.
31
Calculate the greatest common divisor of 315 and 919485.
315
Calculate the greatest common divisor of 46 and 509174.
46
What is the highest common divisor of 815086 and 1016?
254
Calculate the greatest common factor of 12105 and 3795.
15
What is the greatest common factor of 3 and 11199?
3
Calculate the highest common factor of 475 and 380.
95
What is the greatest common divisor of 570855 and 3515?
95
What is the greatest common factor of 765 and 323?
17
Calculate the greatest common divisor of 249 and 813.
3
What is the greatest common divisor of 248 and 1736?
248
What is the greatest common factor of 7728 and 6256?
368
What is the greatest common divisor of 1133 and 8549?
103
What is the highest common factor of 18359 and 418?
11
Calculate the highest common divisor of 1653478 and 62.
62
Calculate the greatest common factor of 24428 and 25610.
394
What is the greatest common factor of 502 and 2467?
1
Calculate the greatest common factor of 12 and 391764.
12
What is the greatest common factor of 127114 and 780?
26
What is the highest common divisor of 6324 and 332754?
186
Calculate the greatest common divisor of 32616 and 7020.
108
Calculate the highest common factor of 35000 and 280.
280
What is the greatest common divisor of 232 and 81461?
29
What is the greatest common factor of 80395 and 105?
35
Calculate the greatest common factor of 41966 and 6.
2
What is the highest common divisor of 400 and 21100?
100
What is the highest common divisor of 2760 and 32844?
276
Calculate the greatest common factor of 60 and 15860.
20
What is the highest common factor of 3 and 275?
1
What is the highest common divisor of 1155 and 4668972?
231
What is the highest common factor of 2937 and 15213?
33
What is the highest common factor of 3100 and 345?
5
Calculate the greatest common factor of 343 and 392.
49
What is the highest common divisor of 704 and 22088?
88
Calculate the greatest common divisor of 1092 and 9191.
91
What is the greatest common factor of 1456 and 1036?
28
Calculate the greatest common divisor of 2649 and 186.
3
What is the highest common factor of 495 and 85195?
55
What is the highest common factor of 188168 and 3282?
1094
What is the highest common divisor of 30 and 25770?
30
What is the greatest common divisor of 3640 and 140504?
728
What is the highest common factor of 6224 and 5835?
389
What is the highest common divisor of 12254 and 583?
11
What is the greatest common divisor of 144316 and 104?
4
What is the highest common divisor of 681144 and 2121?
303
Calculate the highest common factor of 185 and 19499.
37
What is the highest common divisor of 190575 and 924?
231
Calculate the greatest common divisor of 122402 and 539.
49
Calculate the greatest common factor of 2457 and 8736.
273
What is the greatest common factor of 160 and 9180?
20
Calculate the greatest common factor of 78338 and 17342.
598
Calculate the highest common factor of 1285 and 40.
5
What is the highest common factor of 612 and 2286126?
306
What is the highest common factor of 32 and 821488?
16
Calculate the highest common divisor of 2770 and 852606.
554
Calculate the greatest common divisor of 208090 and 20.
10
What is the highest common divisor of 97567 and 129?
43
What is the highest common factor of 355711 and 1?
1
Calculate the greatest common factor of 277966 and 26.
26
What is the greatest common factor of 487628 and 136?
68
Calculate the greatest common divisor of 4476682 and 14.
14
Calculate the highe